{"id":65,"date":"2025-12-23T08:20:14","date_gmt":"2025-12-23T07:20:14","guid":{"rendered":"https:\/\/sklep.jmd24.pl\/?post_type=product&#038;p=65"},"modified":"2025-12-25T18:43:08","modified_gmt":"2025-12-25T17:43:08","slug":"pianka-do-montazu-instalacji-elektrycznych-volt-750-ml","status":"publish","type":"product","link":"https:\/\/sklep.jmd24.pl\/index.php\/produkt\/pianka-do-montazu-instalacji-elektrycznych-volt-750-ml\/","title":{"rendered":"Pianka do monta\u017cu instalacji elektrycznych VOLT 750 ml"},"content":{"rendered":"<p><img decoding=\"async\" class=\"wp-image-22371 alignleft\" src=\"http:\/\/sklep.jmd24.pl\/wp-content\/uploads\/2025\/12\/Torggler-Volt-lab-1920x0-c-ogien-300x300.jpg\" alt=\"\" width=\"217\" height=\"217\" srcset=\"https:\/\/sklep.jmd24.pl\/wp-content\/uploads\/2025\/12\/Torggler-Volt-lab-1920x0-c-ogien-300x300.jpg 300w, https:\/\/sklep.jmd24.pl\/wp-content\/uploads\/2025\/12\/Torggler-Volt-lab-1920x0-c-ogien-1024x1024.jpg 1024w, https:\/\/sklep.jmd24.pl\/wp-content\/uploads\/2025\/12\/Torggler-Volt-lab-1920x0-c-ogien-150x150.jpg 150w, https:\/\/sklep.jmd24.pl\/wp-content\/uploads\/2025\/12\/Torggler-Volt-lab-1920x0-c-ogien-768x768.jpg 768w, https:\/\/sklep.jmd24.pl\/wp-content\/uploads\/2025\/12\/Torggler-Volt-lab-1920x0-c-ogien-1536x1536.jpg 1536w, https:\/\/sklep.jmd24.pl\/wp-content\/uploads\/2025\/12\/Torggler-Volt-lab-1920x0-c-ogien-1320x1320.jpg 1320w, https:\/\/sklep.jmd24.pl\/wp-content\/uploads\/2025\/12\/Torggler-Volt-lab-1920x0-c-ogien-650x650.jpg 650w, https:\/\/sklep.jmd24.pl\/wp-content\/uploads\/2025\/12\/Torggler-Volt-lab-1920x0-c-ogien-100x100.jpg 100w, https:\/\/sklep.jmd24.pl\/wp-content\/uploads\/2025\/12\/Torggler-Volt-lab-1920x0-c-ogien.jpg 1920w\" sizes=\"(max-width: 217px) 100vw, 217px\" \/>Niepalna, niskorozpr\u0119\u017cna i ca\u0142oroczna, mo\u017ce by\u0107 stosowana zar\u00f3wno wewn\u0105trz, jak i na zewn\u0105trz budynk\u00f3w. Dzi\u0119ki swojej strukturze doskonale izoluje termicznie i akustycznie, zapewniaj\u0105c trwa\u0142e mocowanie element\u00f3w instalacji. Po utwardzeniu tworzy stabiln\u0105, odporn\u0105 na ogie\u0144 i wilgo\u0107 mas\u0119, kt\u00f3ra nie ulega odkszta\u0142ceniom ani degradacji.<\/p>\n<p>Pu Foam Volt to jednosk\u0142adnikowa pianka poliuretanowa, pakowana w puszce aerozolowej, specjalnie opracowana do mocowania i uszczelniania puszek po\u0142\u0105czeniowych, przepust\u00f3w kablowych i og\u00f3lnie instalacji elektrycznych. Pianka, po utwardzeniu i stwardnieniu, jest odporna na drut \u017carz\u0105cy zgodnie z testem drutu \u017carz\u0105cego w temperaturze 850 \u00b0<\/p>\n<p>&nbsp;<\/p>\n<p><iframe title=\"Volt PU-Schaum f\u00fcr Elektroinstallationen\" width=\"640\" height=\"360\" src=\"https:\/\/www.youtube.com\/embed\/azavpVYRgrQ?feature=oembed\" frameborder=\"0\" allow=\"accelerometer; autoplay; clipboard-write; encrypted-media; gyroscope; picture-in-picture; web-share\" referrerpolicy=\"strict-origin-when-cross-origin\" allowfullscreen><\/iframe><\/p>\n<p>&nbsp;<\/p>\n<h6>\u00a0Zastosowanie:<\/h6>\n<ul>\n<li>mocowania przewod\u00f3w, puszek po\u0142\u0105czeniowych i skrzynek elektrycznych,<\/li>\n<li>izolacji i monta\u017cu rur karbowanych (peszli)\u00a0na \u015bcianach i pod\u0142ogach,<\/li>\n<li>uszczelniania szczelin mi\u0119dzy kana\u0142ami kablowymi a \u015bcianami,<\/li>\n<li>prac instalacyjnych wymagaj\u0105cych odporno\u015bci na wysok\u0105 temperatur\u0119 i ogie\u0144.<\/li>\n<\/ul>\n<h6><img fetchpriority=\"high\" decoding=\"async\" class=\"size-medium wp-image-22376 alignright\" style=\"color: #1d2128; font-weight: bold;\" src=\"http:\/\/sklep.jmd24.pl\/wp-content\/uploads\/2025\/12\/Volt2-260x300.jpg\" alt=\"\" width=\"260\" height=\"300\" srcset=\"https:\/\/sklep.jmd24.pl\/wp-content\/uploads\/2025\/12\/Volt2-260x300.jpg 260w, https:\/\/sklep.jmd24.pl\/wp-content\/uploads\/2025\/12\/Volt2.jpg 531w\" sizes=\"(max-width: 260px) 100vw, 260px\" \/>Cechy i zalety:<\/h6>\n<ul>\n<li>Odporna na dzia\u0142anie drutu \u017carowego\u00a0\u2013 wytrzymuje temperatur\u0119 do\u00a0850\u00b0C.<\/li>\n<li>Niskorozpr\u0119\u017cna\u00a0\u2013 gwarantuje precyzyjne wype\u0142nienie bez ryzyka deformacji element\u00f3w.<\/li>\n<li>Ca\u0142oroczna\u00a0\u2013 mo\u017ce by\u0107 stosowana w r\u00f3\u017cnych warunkach atmosferycznych.<\/li>\n<li>Doskona\u0142a przyczepno\u015b\u0107 \u2013 do wi\u0119kszo\u015bci powierzchni budowlanych: betonu, ceg\u0142y, tynku, metalu, PVC.x<\/li>\n<li>Wysoka izolacyjno\u015b\u0107 termiczna i akustyczna \u2013 poprawia komfort i bezpiecze\u0144stwo u\u017cytkowania.<\/li>\n<li>Bezpieczna dla instalacji elektrycznych\u00a0\u2013 zgodna z norm\u0105\u00a0DIN 4102, klasa B2.<\/li>\n<li>\u0141atwa aplikacja \u2013 dost\u0119pna w praktycznej puszce z zaworem o du\u017cej wydajno\u015bci<\/li>\n<\/ul>\n<h6>Dane techniczne:<\/h6>\n<ul>\n<li style=\"list-style-type: none;\">\n<ul>\n<li>Rodzaj:\u00a0pianka poliuretanowa jednosk\u0142adnikowa<\/li>\n<li>Przeznaczenie:\u00a0monta\u017c instalacji elektrycznych<\/li>\n<li>Odporno\u015b\u0107 termiczna:\u00a0do 850\u00b0C (test drutu \u017carowego)<\/li>\n<li>Wydajno\u015b\u0107:\u00a0do\u00a045 litr\u00f3w z jednej puszki<\/li>\n<li>Kolor:\u00a0czarny<\/li>\n<li>Klasa ogniowa:\u00a0B2\u00a0wg\u00a0DIN 4102<\/li>\n<li>Certyfikat: EC1 Plus (I) \u2013 niska emisja LZO<\/li>\n<\/ul>\n<\/li>\n<li style=\"list-style-type: none;\">\n<ul>\n<li style=\"list-style-type: none;\"><a href=\"http:\/\/sklep.jmd24.pl\/wp-content\/uploads\/2025\/12\/POBIERZ-TEST-DRUTU-ZAROWEGO.pdf\"><img decoding=\"async\" class=\"wp-image-22374 alignleft\" src=\"http:\/\/sklep.jmd24.pl\/wp-content\/uploads\/2025\/12\/pdf.png\" alt=\"\" width=\"79\" height=\"95\" \/><\/a><br \/>\n<strong><a href=\"http:\/\/sklep.jmd24.pl\/wp-content\/uploads\/2025\/12\/POBIERZ-KARTA-TECHNICZNA.pdf\">POBIERZ KARTA TECHNICZNA<\/a><br \/>\n<\/strong><strong><a href=\"http:\/\/sklep.jmd24.pl\/wp-content\/uploads\/2025\/12\/POBIERZ-TEST-DRUTU-ZAROWEGO.pdf\">POBIERZ TEST DRUTU \u017bAROWEGO<\/a><\/strong><\/li>\n<\/ul>\n<h6><img loading=\"lazy\" decoding=\"async\" class=\"wp-image-22336 alignright\" src=\"http:\/\/sklep.jmd24.pl\/wp-content\/uploads\/2025\/12\/Volt-certyfikaty-300x125.png\" alt=\"\" width=\"204\" height=\"85\" srcset=\"https:\/\/sklep.jmd24.pl\/wp-content\/uploads\/2025\/12\/Volt-certyfikaty-300x125.png 300w, https:\/\/sklep.jmd24.pl\/wp-content\/uploads\/2025\/12\/Volt-certyfikaty.png 361w\" sizes=\"(max-width: 204px) 100vw, 204px\" \/><\/h6>\n<p>Volt 750 ml to wysokiej jako\u015bci pianka monta\u017cowa przeznaczona do zastosowa\u0144 elektroinstalacyjnych. \u0141\u0105czy wyj\u0105tkow\u0105 odporno\u015b\u0107 termiczn\u0105, wysok\u0105 przyczepno\u015b\u0107 i nisk\u0105 rozpr\u0119\u017cno\u015b\u0107, zapewniaj\u0105c trwa\u0142e i bezpieczne mocowanie element\u00f3w instalacji. Idealny wyb\u00f3r dla profesjonalnych elektryk\u00f3w, instalator\u00f3w i wykonawc\u00f3w, kt\u00f3rzy ceni\u0105 precyzj\u0119, bezpiecze\u0144stwo i niezawodno\u015b\u0107.<\/li>\n<\/ul>\n<p>&nbsp;<\/p>\n","protected":false},"excerpt":{"rendered":"<h6><b>Profesjonalna, niepalna, pianka monta\u017cowa do instalacji elektrycznych i puszek.<br \/>\n<\/b><b style=\"color: #030712; font-size: 1rem;\">S<\/b><b style=\"color: #030712; font-size: 1rem;\">tworzona dla fachowc\u00f3w &#8211;\u00a0<\/b><span style=\"color: #030712; font-size: 1rem;\">dzia\u0142a precyzyjnie tam, gdzie liczy si\u0119 bezpiecze\u0144stwo i niezawodno\u015b\u0107.<br \/>\n<\/span><b><\/b><\/h6>\n<ul>\n<li><b>Nieprzewodz\u0105ca pr\u0105du<\/b>\u00a0\u2013 idealna do prac przy instalacjach elektrycznych<\/li>\n<li><b>Niskopr\u0119\u017cna<\/b>\u00a0\u2013 nie deformuje puszek ani kana\u0142\u00f3w<\/li>\n<li><b>Precyzyjna aplikacja<\/b>\u00a0\u2013 pozwala na dok\u0142adne wype\u0142nienie szczelin<\/li>\n<li><b>Odporno\u015b\u0107 na wysokie i niskie temperatury<\/b><\/li>\n<li><b>Szybki czas utwardzania<\/b>\u00a0\u2013 oszcz\u0119dno\u015b\u0107 czasu na budowie<\/li>\n<li><b>Wysoka przyczepno\u015b\u0107<\/b>\u00a0do betonu, ceg\u0142y, metalu, PVC i wielu innych materia\u0142\u00f3w<\/li>\n<li><b>Pojemno\u015b\u0107:<\/b>\u00a0750 ml<\/li>\n<li><b>Aplikacja:<\/b>\u00a0za pomoc\u0105 pistoletu monta\u017cowego (nie do\u0142\u0105czony)<\/li>\n<\/ul>\n<ul>\n<li>Ilo\u015b\u0107:\u00a0<b>1 szt<\/b><\/li>\n<li>Kolor:<b>\u00a0Naturalny \u017c\u00f3\u0142ty<\/b><\/li>\n<li>Wersja:\u00a0<b>Pistoletowa<\/b><\/li>\n<li>Powierzchniowe nask\u00f3rkowanie:<b>\u00a09 &#8211; 10 minut<\/b><\/li>\n<li>Temperatura otoczenia podczas stosowania:<b>\u00a0-10 \u00b0C do +35 \u00b0C<\/b><\/li>\n<li>Marka:\u00a0<b>Torggler<\/b><\/li>\n<\/ul>\n","protected":false},"featured_media":66,"template":"","meta":[],"product_brand":[154],"product_cat":[153],"product_tag":[],"class_list":{"0":"post-65","1":"product","2":"type-product","3":"status-publish","4":"has-post-thumbnail","6":"product_brand-torggler","7":"product_cat-piany","9":"first","10":"instock","11":"taxable","12":"shipping-taxable","13":"purchasable","14":"product-type-simple"},"jetpack_sharing_enabled":true,"_links":{"self":[{"href":"https:\/\/sklep.jmd24.pl\/index.php\/wp-json\/wp\/v2\/product\/65","targetHints":{"allow":["GET"]}}],"collection":[{"href":"https:\/\/sklep.jmd24.pl\/index.php\/wp-json\/wp\/v2\/product"}],"about":[{"href":"https:\/\/sklep.jmd24.pl\/index.php\/wp-json\/wp\/v2\/types\/product"}],"wp:featuredmedia":[{"embeddable":true,"href":"https:\/\/sklep.jmd24.pl\/index.php\/wp-json\/wp\/v2\/media\/66"}],"wp:attachment":[{"href":"https:\/\/sklep.jmd24.pl\/index.php\/wp-json\/wp\/v2\/media?parent=65"}],"wp:term":[{"taxonomy":"product_brand","embeddable":true,"href":"https:\/\/sklep.jmd24.pl\/index.php\/wp-json\/wp\/v2\/product_brand?post=65"},{"taxonomy":"product_cat","embeddable":true,"href":"https:\/\/sklep.jmd24.pl\/index.php\/wp-json\/wp\/v2\/product_cat?post=65"},{"taxonomy":"product_tag","embeddable":true,"href":"https:\/\/sklep.jmd24.pl\/index.php\/wp-json\/wp\/v2\/product_tag?post=65"}],"curies":[{"name":"wp","href":"https:\/\/api.w.org\/{rel}","templated":true}]}}