{"id":22517,"date":"2026-01-04T15:36:38","date_gmt":"2026-01-04T14:36:38","guid":{"rendered":"http:\/\/sklep.jmd24.pl\/?post_type=product&#038;p=22517"},"modified":"2026-01-04T15:55:46","modified_gmt":"2026-01-04T14:55:46","slug":"folia-w-plynie-15kg","status":"publish","type":"product","link":"https:\/\/sklep.jmd24.pl\/index.php\/produkt\/folia-w-plynie-15kg\/","title":{"rendered":"Folia w p\u0142ynie 1,5kg"},"content":{"rendered":"<p class=\"ql-align-justify\"><strong>EKOR 70<\/strong>\u00a0to produkt na bazie wodnej \u017cywicy akrylowej i specjalnych dodatk\u00f3w tworz\u0105cy elastyczn\u0105 i szczeln\u0105 mas\u0119 izoluj\u0105c\u0105.<br \/>\nDoskonale izoluje pod\u0142o\u017ce przed dzia\u0142aniem wody, wilgoci, pary wodnej w takich pomieszczeniach jak: kuchnie, \u0142azienki, prysznice, pralnie itp. Produkt jest gotowy do u\u017cycia, przeznaczony jest do wykonywania hydroizolacji wewn\u0105trz obiekt\u00f3w.<\/p>\n<p>Przeznaczony jest do wykonywania izolacji przeciwwilgociowych wewn\u0105trz pomieszcze\u0144, na pod\u0142o\u017cach mineralnych z betonu, betonu kom\u00f3rkowego, anhydryt\u00f3w, ceramiki, silikat\u00f3w oraz tynk\u00f3w cementowych, cementowo-wapiennych, gipsowych, a tak\u017ce p\u0142yt g\/k, OSB, minerit, fermacell. Po wyschni\u0119ciu stanowi gotowe pod\u0142o\u017ce pod wszelkiego rodzaju materia\u0142y wyko\u0144czeniowe takie jak glazura, terakota, pod\u0142ogi z drewna i drewnopochodne oraz wyk\u0142adziny syntetyczne. Mo\u017cna u\u017cywa\u0107 do zastosowa\u0144 zewn\u0119trznych, ale tylko na powierzchnie pionowe, \u015bciany, coko\u0142y powy\u017cej gruntu. Wsz\u0119dzie tam gdzie woda dzia\u0142a pod ci\u015bnieniem lub obci\u0105\u017cenie wod\u0105 jest sta\u0142e (np. baseny, zbiorniki wody) oraz zewn\u0119trzne tarasy i balkony polecamy elastyczne hydroizolacje polimerowo-cementowe FLEXISTAR, FLEX 1K, FLEX 2K.<\/p>\n<p><strong>CHARAKTERYSTYKA WYROBU<br \/>\n<\/strong> EKOR 70 to produkt na bazie wodnej dyspersji polimer\u00f3w, po wyschni\u0119ciu tworz\u0105cy elastyczn\u0105 i szczeln\u0105 pow\u0142ok\u0119 izoluj\u0105c\u0105. Doskonale izoluje pod\u0142o\u017ce przed wnikaniem wody, wilgoci, pary wodnej w pomieszczeniach lub miejscach tzw. mokrych takich jak kuchnie, pralnie, prysznice, \u0142azienki itp. Obni\u017ca zagro\u017cenie powstawania p\u0119kni\u0119\u0107 materia\u0142\u00f3w ok\u0142adzinowych, b\u0119d\u0105ce wynikiem r\u00f3\u017cnej rozszerzalno\u015bci cieplnej pod\u0142o\u017ca i ok\u0142adzin, np. p\u0142ytek ceramicznych. Mo\u017cna stosowa\u0107 produkt w systemach ogrzewania pod\u0142ogowego oraz w styczno\u015bci ze styropianem. EKOR 70 jest materia\u0142em gotowym do u\u017cycia.<\/p>\n<p><img fetchpriority=\"high\" decoding=\"async\" class=\"wp-image-22522 aligncenter\" src=\"http:\/\/sklep.jmd24.pl\/wp-content\/uploads\/2026\/01\/torggler-ekor-70-folia-w-plynie-1-300x102.png\" alt=\"\" width=\"703\" height=\"239\" srcset=\"https:\/\/sklep.jmd24.pl\/wp-content\/uploads\/2026\/01\/torggler-ekor-70-folia-w-plynie-1-300x102.png 300w, https:\/\/sklep.jmd24.pl\/wp-content\/uploads\/2026\/01\/torggler-ekor-70-folia-w-plynie-1-1024x349.png 1024w, https:\/\/sklep.jmd24.pl\/wp-content\/uploads\/2026\/01\/torggler-ekor-70-folia-w-plynie-1-768x262.png 768w, https:\/\/sklep.jmd24.pl\/wp-content\/uploads\/2026\/01\/torggler-ekor-70-folia-w-plynie-1-1536x524.png 1536w, https:\/\/sklep.jmd24.pl\/wp-content\/uploads\/2026\/01\/torggler-ekor-70-folia-w-plynie-1-1320x450.png 1320w, https:\/\/sklep.jmd24.pl\/wp-content\/uploads\/2026\/01\/torggler-ekor-70-folia-w-plynie-1-650x222.png 650w, https:\/\/sklep.jmd24.pl\/wp-content\/uploads\/2026\/01\/torggler-ekor-70-folia-w-plynie-1.png 1980w\" sizes=\"(max-width: 703px) 100vw, 703px\" \/><\/p>\n<p><strong>PRZYGOTOWANIE POD\u0141O\u017bA<\/strong><br \/>\nPod\u0142o\u017ce musi by\u0107 no\u015bne, trwa\u0142e i oczyszczone z kurzu, oleju, bitumu, \u015brodk\u00f3w antyadhezyjnych. Nier\u00f3wno\u015bci wyr\u00f3wna\u0107 zaprawami odpowiednimi do istniej\u0105cego pod\u0142o\u017ca. Wszystkie pod\u0142o\u017ca musz\u0105 wysezonowane i mie\u0107 ustabilizowan\u0105 wilgotno\u015b\u0107. \u015awie\u017co wykonane powierzchnie np. tynku lub posadzki mog\u0105 by\u0107 uszczelniane po minimum 28 dniach od czasu ich wykonania. Przed na\u0142o\u017ceniem folii w p\u0142ynie pod\u0142o\u017ce zagruntowa\u0107 preparatem EKOR 61 lub TILE PIMER 61 i zostawi\u0107 do wyschni\u0119cia na minimum 8 godzin.<\/p>\n<p><strong>WSKZ\u00d3WKI WYKONAWCZE<\/strong><br \/>\nPrzed u\u017cyciem produkt dok\u0142adnie wymiesza\u0107. Nak\u0142ada\u0107 mas\u0119 obficie p\u0119dzlem lub wa\u0142kiem malarskim minimum w 2 warstwach, warstwami na krzy\u017c. Pierwsza warstwa musi wst\u0119pnie zwi\u0105za\u0107 (minimum ok. 3h), aby nak\u0142ada\u0107 kolejn\u0105. Optymalna grubo\u015b\u0107 suchej pow\u0142oki powinna wynosi\u0107 ok. 1,1 \u00f7 1,5mm. W naro\u017cach pomi\u0119dzy \u015bcianami oraz \u015bcian\u0105 a pod\u0142og\u0105 oraz w miejscach dylatacji zatopi\u0107 elastyczn\u0105 ta\u015bm\u0119 EKOR TU lub EKOR TPER. Przepusty uszczelni\u0107 mankietami uszczelniaj\u0105cymi. Do bie\u017c\u0105cej aplikacji zaleca si\u0119 przelanie cz\u0119\u015bci produktu do kuwety malarskiej, w takiej ilo\u015bci, aby wykorzysta\u0107 produkt w czasie nie d\u0142u\u017cszym ni\u017c 30 minut. Pozosta\u0142\u0105 cz\u0119\u015b\u0107 produktu nale\u017cy w tym czasie przechowywa\u0107 w szczelnie zamkni\u0119tym opakowaniu. Do masy nie dok\u0142ada\u0107 \u017cadnych innych substancji. Pow\u0142oka nie stanowi ostatecznej warstwy i do czasu u\u0142o\u017cenia na niej p\u0142ytek powinna by\u0107 chroniona przed uszkodzeniem mechanicznym. Narz\u0119dzia my\u0107 wod\u0105 natychmiast po ich u\u017cyciu. Po up\u0142ywie 12- 24 godzin na wyschni\u0119t\u0105 powierzchni\u0119 folii mo\u017cna przykleja\u0107 p\u0142ytki u\u017cywaj\u0105c elastycznych zapraw klejowych klasy C2 linii Tile np. Tile 250, Tile 350, Tile 480.<\/p>\n<p>Dost\u0119pna jest w 3 atrakcyjnych pojemno\u015bciach: 1,5kg, 4,5 kg, 15 kg.<\/p>\n<p><img decoding=\"async\" class=\" wp-image-22374 alignleft\" src=\"http:\/\/sklep.jmd24.pl\/wp-content\/uploads\/2025\/12\/pdf.png\" alt=\"\" width=\"43\" height=\"51\" \/><a href=\"http:\/\/sklep.jmd24.pl\/wp-content\/uploads\/2026\/01\/Karta-techniczna-1.pdf\">Karta techniczna<\/a><br \/>\n<a href=\"http:\/\/sklep.jmd24.pl\/wp-content\/uploads\/2026\/01\/Deklaracja-wlasciwosci-uzytkowych-1.pdf\">Deklaracja w\u0142a\u015bciwo\u015bci u\u017cytkowych<\/a><\/p>\n<p>&nbsp;<\/p>\n<p>Produty powi\u0105zane:<\/p>\n<p>ta\u015bmy dodat\u0107<\/p>\n","protected":false},"excerpt":{"rendered":"<p><strong>FOLIA W P\u0141YNIE do wykonania hydroizolacji przeciwwilgociowych &#8211; na budowlane pod\u0142o\u017ca mineralne.<br \/>\n<\/strong><\/p>\n<ul>\n<li>gotowy do u\u017cycia,<\/li>\n<li>elastyczna,<\/li>\n<li>szybkoschn\u0105ca,<\/li>\n<li>wodoszczelna,<\/li>\n<li>nie zawiera rozpuszczalnik\u00f3w,<\/li>\n<li>wysoce przyczepna,<\/li>\n<li>do wewn\u0105trz i na zewn\u0105trz budynku<br \/>\n<strong><br \/>\n<\/strong><img decoding=\"async\" class=\"alignnone size-full wp-image-22519\" src=\"http:\/\/sklep.jmd24.pl\/wp-content\/uploads\/2026\/01\/DM.png\" alt=\"\" width=\"133\" height=\"93\" srcset=\"https:\/\/sklep.jmd24.pl\/wp-content\/uploads\/2026\/01\/DM.png 133w, https:\/\/sklep.jmd24.pl\/wp-content\/uploads\/2026\/01\/DM-100x70.png 100w\" sizes=\"(max-width: 133px) 100vw, 133px\" \/><\/li>\n<\/ul>\n","protected":false},"featured_media":22518,"template":"","meta":[],"product_brand":[154],"product_cat":[142],"product_tag":[],"class_list":{"0":"post-22517","1":"product","2":"type-product","3":"status-publish","4":"has-post-thumbnail","6":"product_brand-torggler","7":"product_cat-hydroizolacje","9":"first","10":"instock","11":"taxable","12":"shipping-taxable","13":"purchasable","14":"product-type-simple"},"jetpack_sharing_enabled":true,"_links":{"self":[{"href":"https:\/\/sklep.jmd24.pl\/index.php\/wp-json\/wp\/v2\/product\/22517","targetHints":{"allow":["GET"]}}],"collection":[{"href":"https:\/\/sklep.jmd24.pl\/index.php\/wp-json\/wp\/v2\/product"}],"about":[{"href":"https:\/\/sklep.jmd24.pl\/index.php\/wp-json\/wp\/v2\/types\/product"}],"wp:featuredmedia":[{"embeddable":true,"href":"https:\/\/sklep.jmd24.pl\/index.php\/wp-json\/wp\/v2\/media\/22518"}],"wp:attachment":[{"href":"https:\/\/sklep.jmd24.pl\/index.php\/wp-json\/wp\/v2\/media?parent=22517"}],"wp:term":[{"taxonomy":"product_brand","embeddable":true,"href":"https:\/\/sklep.jmd24.pl\/index.php\/wp-json\/wp\/v2\/product_brand?post=22517"},{"taxonomy":"product_cat","embeddable":true,"href":"https:\/\/sklep.jmd24.pl\/index.php\/wp-json\/wp\/v2\/product_cat?post=22517"},{"taxonomy":"product_tag","embeddable":true,"href":"https:\/\/sklep.jmd24.pl\/index.php\/wp-json\/wp\/v2\/product_tag?post=22517"}],"curies":[{"name":"wp","href":"https:\/\/api.w.org\/{rel}","templated":true}]}}