{"id":22442,"date":"2025-12-29T18:56:32","date_gmt":"2025-12-29T17:56:32","guid":{"rendered":"http:\/\/sklep.jmd24.pl\/?post_type=product&#038;p=22442"},"modified":"2025-12-29T19:33:41","modified_gmt":"2025-12-29T18:33:41","slug":"uszczelniacz-silikonowy-310ml","status":"publish","type":"product","link":"https:\/\/sklep.jmd24.pl\/index.php\/produkt\/uszczelniacz-silikonowy-310ml\/","title":{"rendered":"Uszczelniacz silikonowy 310ml"},"content":{"rendered":"<p><img fetchpriority=\"high\" decoding=\"async\" class=\"size-medium wp-image-22443 alignleft\" src=\"http:\/\/sklep.jmd24.pl\/wp-content\/uploads\/2025\/12\/domus-283x300.png\" alt=\"\" width=\"283\" height=\"300\" srcset=\"https:\/\/sklep.jmd24.pl\/wp-content\/uploads\/2025\/12\/domus-283x300.png 283w, https:\/\/sklep.jmd24.pl\/wp-content\/uploads\/2025\/12\/domus.png 463w\" sizes=\"(max-width: 283px) 100vw, 283px\" \/>Domus to<strong> neutralnie sieciuj\u0105cy uszczelniacz silikonowy o niskim module spr\u0119\u017cysto\u015bci, odporny na dzia\u0142anie promieni UV i czynnik\u00f3w atmosferycznych,<\/strong> idealny do stosowania na elewacjach, dachach oraz w o\u015bcie\u017cnicach drzwi i okien: Zgodny z UNI 11673-1, \u201eMonta\u017c ram drzwi i okien \u2013 Cz\u0119\u015b\u0107 1: Wymagania i kryteria wykonania\u201d. Dzi\u0119ki aktywnemu sk\u0142adnikowi o w\u0142a\u015bciwo\u015bciach <strong>antybakteryjnych i antyalergicznych<\/strong> preparat przeznaczony jest do stosowania w pomieszczeniach sanitarnych: o<strong>dporny na dzia\u0142anie wrz\u0105cej wody i chemicznie agresywnych \u015brodk\u00f3w czyszcz\u0105cych<\/strong>, przyczynia si\u0119 do utrzymania higieny powierzchni. Jest bezpieczny dla farb. <strong>Doskonale przylega zar\u00f3wno do pod\u0142o\u017cy porowatych<\/strong> (mur, beton, tynk, drewno)<strong> jak i nieporowatych<\/strong> (metal, plastik, szk\u0142o, powierzchnie emaliowane i porcelana).<\/p>\n<p>&nbsp;<\/p>\n<p>&nbsp;<\/p>\n<p><img decoding=\"async\" class=\"size-medium wp-image-22450 alignright\" src=\"http:\/\/sklep.jmd24.pl\/wp-content\/uploads\/2025\/12\/Torggler-Domus-app-512x512-c-default-1-300x300.jpg\" alt=\"\" width=\"300\" height=\"300\" srcset=\"https:\/\/sklep.jmd24.pl\/wp-content\/uploads\/2025\/12\/Torggler-Domus-app-512x512-c-default-1-300x300.jpg 300w, https:\/\/sklep.jmd24.pl\/wp-content\/uploads\/2025\/12\/Torggler-Domus-app-512x512-c-default-1-150x150.jpg 150w, https:\/\/sklep.jmd24.pl\/wp-content\/uploads\/2025\/12\/Torggler-Domus-app-512x512-c-default-1-100x100.jpg 100w, https:\/\/sklep.jmd24.pl\/wp-content\/uploads\/2025\/12\/Torggler-Domus-app-512x512-c-default-1.jpg 512w\" sizes=\"(max-width: 300px) 100vw, 300px\" \/><\/p>\n<p>Domus jest sklasyfikowany jako niekonstrukcyjny uszczelniacz do fasad (typ F-EXT\/INT-CC 25 LM) zgodnie z EN 15651-1, do szklenia (typ G-CC 25 LM) zgodnie z EN 15651-2 i do zastosowa\u0144 sanitarnych (typ S1) zgodnie z 15651-3.<\/p>\n<p>Silikon jest bezpieczny w zastosowaniu i u\u017cytkowaniu (jest wolny od substancji MEKO).<\/p>\n<p>Dost\u0119pna kolorystyka i oznaczenia<br \/>\n<strong>Oznaczenie koloru silikonu wg. wzornika RAL jest zbli\u017cone\/pogl\u0105dowe<br \/>\n<\/strong>020 transparentny, 102 Bia\u0142y RAL 9010, 150 Ja\u015bminowy Ral 1013,<br \/>\n200 Manhattan Ral 7035, 205 per\u0142owo-szary Ral 7040, 220 cementowy Ral 7032,<br \/>\n230 Szary Ral 7030, 280 Antracyt RAL 7016, 291 Czarny RAL 9005, 310 Wanilia Ral 1015,<br \/>\n320 Bahama Ral 1001, 330 Be\u017c, 340 Orzech laskowy Ral 1011, 350 Br\u0105zowy Ral 1019,<br \/>\n360 Czekolada Ral 8003, 370 Terakota Ral 3012, 380 Kasztan Ral 8028.<\/p>\n<h5><strong>Wybrany kolor prosz\u0119 wpisa\u0107 w uwagach do zam\u00f3wienia.<\/strong><\/h5>\n<p><img decoding=\"async\" class=\"size-medium wp-image-22448 alignleft\" src=\"http:\/\/sklep.jmd24.pl\/wp-content\/uploads\/2025\/12\/Torggler-DOmus-video-300x169.jpg\" alt=\"\" width=\"300\" height=\"169\" srcset=\"https:\/\/sklep.jmd24.pl\/wp-content\/uploads\/2025\/12\/Torggler-DOmus-video-300x169.jpg 300w, https:\/\/sklep.jmd24.pl\/wp-content\/uploads\/2025\/12\/Torggler-DOmus-video-1024x576.jpg 1024w, https:\/\/sklep.jmd24.pl\/wp-content\/uploads\/2025\/12\/Torggler-DOmus-video-768x432.jpg 768w, https:\/\/sklep.jmd24.pl\/wp-content\/uploads\/2025\/12\/Torggler-DOmus-video-1536x864.jpg 1536w, https:\/\/sklep.jmd24.pl\/wp-content\/uploads\/2025\/12\/Torggler-DOmus-video-364x205.jpg 364w, https:\/\/sklep.jmd24.pl\/wp-content\/uploads\/2025\/12\/Torggler-DOmus-video-752x420.jpg 752w, https:\/\/sklep.jmd24.pl\/wp-content\/uploads\/2025\/12\/Torggler-DOmus-video-1320x743.jpg 1320w, https:\/\/sklep.jmd24.pl\/wp-content\/uploads\/2025\/12\/Torggler-DOmus-video-650x366.jpg 650w, https:\/\/sklep.jmd24.pl\/wp-content\/uploads\/2025\/12\/Torggler-DOmus-video.jpg 1600w\" sizes=\"(max-width: 300px) 100vw, 300px\" \/>Uszczelniacze posiadaj\u0105 w\u0142a\u015bciwo\u015bci absorbuj\u0105ce ruchy przenoszone na elementy budynku przez napr\u0119\u017cenia wywo\u0142ane czynnikami atmosferycznymi, wibracyjnymi i mechanicznymi. Domus elastycznie \u0142\u0105czy boki spoiny i absorbuje ruchy s\u0105siaduj\u0105cych element\u00f3w budynku spowodowane r\u00f3\u017cn\u0105 rozszerzalno\u015bci\u0105 ciepln\u0105 lub osiadaniem, nie ulegaj\u0105c oderwaniu. W ten spos\u00f3b zagwarantowane jest doskona\u0142e uszczelnienie przed wod\u0105 i powietrzem, co zapobiega utracie ciep\u0142a i rozwojowi ple\u015bni.<\/p>\n<p>&nbsp;<\/p>\n<p><img loading=\"lazy\" decoding=\"async\" class=\" wp-image-22374 alignleft\" src=\"http:\/\/sklep.jmd24.pl\/wp-content\/uploads\/2025\/12\/pdf.png\" alt=\"\" width=\"42\" height=\"51\" \/> <a href=\"http:\/\/sklep.jmd24.pl\/wp-content\/uploads\/2025\/12\/KARTA-TECHNICZNA-3.pdf\">KARTA TECHNICZNA <\/a><br \/>\n<a href=\"http:\/\/sklep.jmd24.pl\/wp-content\/uploads\/2025\/12\/LICENCJA-EMICODE-1.pdf\">LICENCJA EMICODE<\/a><\/p>\n","protected":false},"excerpt":{"rendered":"<p><strong>Neutralny uszczelniacz silikonowy do zastosowa\u0144 fasadowych, szklarskich i sanitarnych o niskim module elastyczno\u015bci.<\/strong><\/p>\n<ul>\n<li><img loading=\"lazy\" decoding=\"async\" class=\"aligncenter wp-image-22453 size-full\" src=\"http:\/\/sklep.jmd24.pl\/wp-content\/uploads\/2025\/12\/unnamed-file.png\" alt=\"\" width=\"934\" height=\"201\" srcset=\"https:\/\/sklep.jmd24.pl\/wp-content\/uploads\/2025\/12\/unnamed-file.png 934w, https:\/\/sklep.jmd24.pl\/wp-content\/uploads\/2025\/12\/unnamed-file-300x65.png 300w, https:\/\/sklep.jmd24.pl\/wp-content\/uploads\/2025\/12\/unnamed-file-768x165.png 768w, https:\/\/sklep.jmd24.pl\/wp-content\/uploads\/2025\/12\/unnamed-file-650x140.png 650w\" sizes=\"(max-width: 934px) 100vw, 934px\" \/>Uszczelniania po\u0142\u0105cze\u0144 i szczelin dylatacyjnych w przegrodach budowlanych i na dachach.<\/li>\n<li>Uszczelniania wodoodpornego i odpornego na ple\u015b\u0144 spoin w \u0142azienkach (wanny, kabiny prysznicowe, umywalki), strefach wellness i basenach.<\/li>\n<li>Uszczelnianie po\u0142\u0105cze\u0144 ze szk\u0142em.<\/li>\n<li>Uszczelnianie po\u0142\u0105cze\u0144 mi\u0119dzy ram\u0105 okienn\u0105 a murem.<\/li>\n<\/ul>\n","protected":false},"featured_media":22451,"template":"","meta":[],"product_brand":[],"product_cat":[143],"product_tag":[],"class_list":{"0":"post-22442","1":"product","2":"type-product","3":"status-publish","4":"has-post-thumbnail","6":"product_cat-uszczelniacze","8":"first","9":"instock","10":"taxable","11":"shipping-taxable","12":"purchasable","13":"product-type-simple"},"jetpack_sharing_enabled":true,"_links":{"self":[{"href":"https:\/\/sklep.jmd24.pl\/index.php\/wp-json\/wp\/v2\/product\/22442","targetHints":{"allow":["GET"]}}],"collection":[{"href":"https:\/\/sklep.jmd24.pl\/index.php\/wp-json\/wp\/v2\/product"}],"about":[{"href":"https:\/\/sklep.jmd24.pl\/index.php\/wp-json\/wp\/v2\/types\/product"}],"wp:featuredmedia":[{"embeddable":true,"href":"https:\/\/sklep.jmd24.pl\/index.php\/wp-json\/wp\/v2\/media\/22451"}],"wp:attachment":[{"href":"https:\/\/sklep.jmd24.pl\/index.php\/wp-json\/wp\/v2\/media?parent=22442"}],"wp:term":[{"taxonomy":"product_brand","embeddable":true,"href":"https:\/\/sklep.jmd24.pl\/index.php\/wp-json\/wp\/v2\/product_brand?post=22442"},{"taxonomy":"product_cat","embeddable":true,"href":"https:\/\/sklep.jmd24.pl\/index.php\/wp-json\/wp\/v2\/product_cat?post=22442"},{"taxonomy":"product_tag","embeddable":true,"href":"https:\/\/sklep.jmd24.pl\/index.php\/wp-json\/wp\/v2\/product_tag?post=22442"}],"curies":[{"name":"wp","href":"https:\/\/api.w.org\/{rel}","templated":true}]}}